 is the tens digit of h?
1
Suppose 0 = 2*m - 3 - 1. What is the tens digit of ((-36)/m)/(6/(-4))?
1
Let m(o) = -o**2 - 10*o + 5. Suppose 2*k - 4*u + 38 = -k, -2*k - 5*u = 10. What is the units digit of m(k)?
5
Let d be (7 - 8)/(1/(-71)). Let m = d + -28. What is the tens digit of m?
4
Let r(p) = -7*p - 19. What is the hundreds digit of r(-17)?
1
Let y(h) = h**2 - 3. Let s be y(3). Suppose 0 = -5*d + 34 + s. What is the units digit of d?
8
Let y(m) = -m**2 + 4*m + 5. Let u be y(3). Let s = -6 + u. What is the units digit of s?
2
Let q(t) = 4*t**2 + 3*t + 29. What is the tens digit of q(-7)?
0
Let n be ((-3)/1 - -4) + -21. Let d = 49 + n. What is the units digit of d?
9
Suppose 59 = -3*k + 5*l + 219, -l = -4. What is the units digit of k?
0
Suppose -4 = -3*u + 4*n, 0*u - 5*n + 26 = 4*u. Suppose -h = 5*d - 20, -2*h - u*d + 25 = d. What is the units digit of h?
5
Let v = 6 + -2. Suppose 68 = c + 5*g + 19, -v*c = 3*g - 230. What is the units digit of c?
9
What is the hundreds digit of (-22)/55 - (-1077)/5?
2
Suppose -3*r - 2*r + 5 = 0. Suppose -17 + r = -4*l. What is the units digit of l?
4
Let p = 33 + 216. What is the hundreds digit of p?
2
Let f(a) = -a**3 + 6*a**2 - a + 7. Let q be f(6). Let u be (-1 + 1)*q/2. Suppose -l + 4*n - 2 = u, l = -4*l + 2*n + 8. What is the units digit of l?
2
Suppose -3*z = -59 - 25. What is the units digit of z?
8
Suppose -5*l - n - 37 = 0, -5*l - 39 = 2*n - 0*n. Let f(s) = -3*s - 1. What is the tens digit of f(l)?
2
Suppose 21*z - 6480 = 3*z. What is the hundreds digit of z?
3
Let a(m) = m**3 + 4*m**2 - 7*m - 3. Suppose -3 = b + 2. What is the units digit of a(b)?
7
Let c be 50/(-6) + (-10)/(-30). Let f = 1 - 3. Let j = f - c. What is the units digit of j?
6
Let a be 1 - (0 - (3 - -65)). Suppose 4 = u - 5*u, -u + a = 5*s. What is the units digit of s?
4
Let j(n) = -n**2 + 2*n**2 + 0*n + 4*n - 2 - 3*n**2. Let r be j(2). What is the units digit of 4/(-12)*(r - 1)?
1
Let u = -509 + 1754. What is the tens digit of (-2)/13 - u/(-65)?
1
Let b(k) = -7*k + 4*k - 9 + 3 + 2*k. What is the units digit of b(-10)?
4
Let y(k) be the third derivative of k**7/840 + k**6/90 - k**4/24 - k**3/6 + 2*k**2. Let h(c) be the first derivative of y(c). What is the units digit of h(-2)?
7
Let p(l) = 5*l - 6*l - 1 + 3. What is the units digit of p(-6)?
8
Let i(n) = n**3 - 3*n**2 + 2*n + 1. Let d be i(2). Let j = d - 8. Let v = -6 - j. What is the units digit of v?
1
Let k = 5 - -1. Let o be (-5)/((-10)/4) + k. Suppose 0 = 5*c + r + 3*r - 33, -r = -2*c + o. What is the units digit of c?
5
Suppose 3*v + 13 = 2*v + 5*x, 3*v + 2*x = 29. Let k be (-5)/1*4/(-5). Suppose s + k*q - 15 = 0, 5*q - 3 = v. What is the units digit of s?
7
Let c be (-2 - 0)*9/2. Let y(o) = o**3 + 10*o**2 + 8*o + 3. What is the units digit of y(c)?
2
Let v = 104 - 41. Suppose -5 = -4*a + v. What is the units digit of a?
7
Let p(b) = -b**2 + 3*b + 4. Let s be p(4). Let y = 8 + s. What is the units digit of 4/y*(13 + -1)?
6
Suppose 0*w - 5*l - 26 = -3*w, w - 2*l - 10 = 0. Suppose -39 - 4 = -3*n + 4*z, -44 = -w*n - 5*z. What is the units digit of n?
7
Suppose 0 = -4*n - 4*p + 296, n - 2*n + 3*p + 70 = 0. What is the tens digit of n?
7
Let v(y) = y**3 - 6*y**2 + 4*y - 9. What is the units digit of v(6)?
5
Let d(o) = -o**3 + 6*o**2 + 4*o - 1. Let l be d(4). Suppose -3*a + 7 = -14. Suppose l = 5*y + a. What is the units digit of y?
8
Let d(o) = -o**2 + 5*o. Let m be d(5). Suppose -60 = -4*v - m*v. What is the tens digit of v?
1
Let t be 0 + -1 - 0 - 3. Let l = 1 - t. Suppose 5 = 2*j - 3*x - l, x - 26 = -2*j. What is the units digit of j?
1
Let f(v) = v**3 + 4*v**2 - 2*v + 1. Let r be f(-4). Suppose 0 = -10*m + 7*m + 3. Let w = r - m. What is the units digit of w?
8
Suppose 4 = -c + 1, 4*c = 4*y - 176. Suppose k - y = -9. What is the units digit of k?
2
Let h(t) = t**3 + 8*t**2 + 8*t + 9. Let y be h(-7). Suppose 5 = -j + 4*z + 28, 2*z = y*j - 22. What is the units digit of j?
7
Let a(z) be the second derivative of -z**3/2 + 3*z**2/2 + 12*z. Let d = 11 + -17. What is the tens digit of a(d)?
2
Let w be 2/(-1 + 3) + 1. Suppose -2*t + 48 = 5*z, 0*z = 4*t + w*z - 80. What is the units digit of t?
9
Suppose 4*q - q = 27. Let w = -13 - -9. Let a = q + w. What is the units digit of a?
5
Let h(j) be the third derivative of -j**4/24 - j**3 + j**2. Let a be h(-7). Let m(n) = 6*n + 1. What is the units digit of m(a)?
7
Suppose -2*j = 2*j + 96. Let u = 2 - j. What is the tens digit of u?
2
Let m = 5 - 8. Let k be 6 + 1*(2 + m). Suppose 3*o + 30 = k*o. What is the units digit of o?
5
Suppose o + 2 - 15 = 0. What is the units digit of o?
3
Suppose 4*g + 4 = 2*z + 2*z, 0 = 2*z + 5*g - 2. What is the units digit of z?
1
Suppose -338 = 10*y - 1138. What is the units digit of y?
0
Suppose 4*t - 292 = -4*l, -2*l = 5*t - 0*l - 365. Suppose -3*a = -3*x - 63, 0 = -4*a + a + 5*x + t. What is the units digit of a?
6
Suppose -7*c = -3*c - 496. What is the hundreds digit of c?
1
Let o(a) = a + 1. Let u be o(-2). Let m(v) = v**2 - 2*v - 2. Let p be m(3). What is the units digit of (8 - 6) + u/p?
1
Suppose -3 = -3*p, 3*k + 15 = 3*p - 0*p. Let u be (-24)/k - (-2)/(-1). Suppose -11 = -x - u. What is the units digit of x?
7
Let v(s) = -9*s - 55. What is the units digit of v(-30)?
5
Suppose q - 5 = -5*t, -10 = 4*q + 10. Suppose -19 = -5*g + t*k + 18, g - 17 = -2*k. What is the units digit of g?
9
Let b = 4 - 6. Let m be b + 5/(10/32). Suppose -c - 3 = -q + 3*q, 5*q = 4*c - m. What is the units digit of c?
1
Let g(c) be the first derivative of -c**3/3 - 2*c**2 + c - 1. Let k be g(-4). What is the units digit of (-6)/(k + (-1 - 1))?
6
Let c = 46 - -28. What is the tens digit of c?
7
Suppose -818 + 2648 = 6*o. What is the tens digit of o?
0
What is the hundreds digit of (-618)/9*(-3 + 0)?
2
Let s be (1/(-2))/(2/8). What is the units digit of 38/6 - s/(-6)?
6
Suppose -2*q = 5*v + 2, v = -4*v - 10. Suppose -4 = -t + q. Suppose 9*j - t*j - 14 = 0. What is the units digit of j?
4
Let c = -26 + 43. What is the tens digit of c?
1
Suppose 2*w + 2*w = -188. Let f = w + 87. What is the units digit of f/(-6)*(-6)/4?
0
Let u = 23 + 4. What is the units digit of u?
7
Let a = 8 + 11. What is the units digit of a?
9
Let s = 80 - 50. What is the units digit of s?
0
Let w(a) = -a**3 + 3*a**2 + a + 1. Suppose -3 = -t - 2, 4*p - 14 = -2*t. What is the units digit of w(p)?
4
Let g(z) be the second derivative of z**3/6 + 4*z**2 - 3*z. What is the units digit of g(4)?
2
Suppose 0 = -7*g + 3*g + 48. What is the tens digit of g?
1
Suppose -2*y + 3 = -1. Suppose -10 = -2*z - y*m, 0 = 3*z - m - 4*m + 1. Let t(j) = 4*j + 4. What is the tens digit of t(z)?
1
Suppose 0 = -q - 2*w + 23, 0 = 4*q - 2*w - 50 - 62. Suppose q = -2*h + 83. Suppose -2*z = 2*z - h. What is the units digit of z?
7
Let q be (-27)/(-6)*6/9. Suppose q*x - 26 = 16. What is the tens digit of x?
1
Let z = -18 + 27. Let s = -7 + z. Suppose -s*w = -2*a - 18, -a + 0*a + 2 = 0. What is the units digit of w?
1
Let b be 1 - (0 + (2 - -1)). What is the tens digit of (b - 0)/((-6)/36)?
1
Suppose h + 3*p + 7 + 3 = 0, -4*p - 18 = -h. Let m = 0 + h. Suppose 0 = -a + m*a - 3. What is the units digit of a?
3
Let n(j) = -j**2 - 4*j - 1. Let l be n(-6). Let p = 18 + l. What is the units digit of p?
5
Let x be 374/14 + 6/21. Let r be 2/(-8) - x/(-12). What is the units digit of ((-3)/r)/((-3)/6)?
3
Let a(i) = 118*i**2 - 2*i + 1. What is the tens digit of a(1)?
1
Let x(a) = -a**3 - 2*a**2 + 3*a + 1. Let m = -3 + 0. What is the units digit of x(m)?
1
Suppose -3*n + 91 + 266 = 0. What is the hundreds digit of n?
1
Let d(b) = 16*b - 6. What is the tens digit of d(3)?
4
Suppose 4*f - 21 = 5*h, 3 = 3*h - 2*h + f. Suppose -4*g + 15 = g. What is the units digit of (27/g - h)/2?
5
Suppose 2*j - 64 - 10 = 0. What is the tens digit of j?
3
Suppose 0 = 5*z + r - 486, -4*z + r - 2*r = -389. Let v = -59 + z. What is the tens digit of v?
3
Let s(v) be the second derivative of 19*v**4/12 + v**2/2 - 7*v. Let o be 2 + 1 + -3 + 1. What is the units digit of s(o)?
0
Let u(k) = 25*k**2 + 1. What is the units digit of u(1)?
6
Suppose 0*w + w - 19 = 0. What is the units digit of w?
9
Suppose 3*t - 21 = 3*i - 5*i, 0 = -5*i + 2*t + 24. Let j be (-17)/(-4) - i/(-8). Let m = j - -8. What is the units digit of m?
